{"id":234,"date":"2010-11-23T11:37:07","date_gmt":"2010-11-23T10:37:07","guid":{"rendered":"http:\/\/www.boutheon.com\/?page_id=234"},"modified":"2019-01-28T09:16:56","modified_gmt":"2019-01-28T08:16:56","slug":"l%e2%80%99histoire-des-gadagnes-partie-ii","status":"publish","type":"page","link":"https:\/\/www.boutheon.com\/?page_id=234","title":{"rendered":"L\u2019histoire des Gadagnes : Partie II"},"content":{"rendered":"<h2>26 Janvier 1601, mort de Guillaume de Gadagne.<\/h2>\n<p>Guillaume meurt le 26 Janvier 1601, une semaine apr\u00e8s son \u00e9pouse.<\/p>\n<p>Apr\u00e8s la mort de Guillaume, la seigneurie passe aux Gadagne d\u2019Hostun (Balthazard de la Baulme d\u2019Hostun).<br \/>\nLe 22 mai 1584 \u00e0 Bouth\u00e9on, Diane (fille de Guillaume de Gadagne) se marie avec Antoine de la Baume d\u2019Hostun. De ce mariage na\u00eetront huit enfants dont l\u2019a\u00een\u00e9 des gar\u00e7ons, Balthazard, sera d\u00e9sign\u00e9 par Guillaume dans son testament comme son h\u00e9ritier universel \u00e0 la condition qu\u2019il prenne le nom et les armes des Gadagne. Ainsi na\u00eetra la branche des Gadagne d\u2019Hostun qui, pendant pr\u00e8s de deux si\u00e8cles continuera \u00e0 illustrer le nom de la famille.<\/p>\n<p>En 1631, Balthazard fonde \u00e0 Bouth\u00e9on le 1er monast\u00e8re fran\u00e7ais de Camaldules (ordre de Saint Romuald) qui s\u2019installe \u00e0 l\u2019ermitage au lieudit les Vollons sous le nom de Notre Dame de la Consolation. (il a exist\u00e9 jusqu&rsquo;en 1792).<br \/>\nEn 1640, mort de Balthazard, il est enterr\u00e9 dans une chapelle de l\u2019ancienne \u00e9glise de Bouth\u00e9on avec sa femme Fran\u00e7oise de Tournon. Le ch\u00e2teau passe \u00e0 Roger de Gadagne d\u2019Hostun. De son vivant, Balthazard de Gadagne a pr\u00e9vu des legs pour les oratoriens de Notre Dame de Gr\u00e2ces, l\u2019h\u00f4tel Dieu de Veauche. Cette rente annuelle de 222 livres permit la fondation des rosi\u00e8res de Bouth\u00e9on.<br \/>\nLa rosi\u00e8re couronn\u00e9e dans l\u2019\u00e9glise est ramen\u00e9e en grandes pompes au ch\u00e2teau de Bouth\u00e9on et la f\u00eate commence avec toute la noblesse. Interrompue apr\u00e8s la mort de Balthazard, ces f\u00eates furent relanc\u00e9es en 1733 par Louise Charlotte de Gadagne d\u2019Hostun, mais en 1793, la R\u00e9volution arr\u00eata d\u00e9finitivement ces manifestations.<\/p>\n<p>En 1704, Charlotte-Louise se marie avec le marquis Fran\u00e7ois de la Baume d\u2019Hostun, son cousin. Le 13 Ao\u00fbt 1704, il est bless\u00e9 aux genoux \u00e0 la bataille d\u2019Hochstette (Hochstadt en Bavi\u00e8re) o\u00f9 il combat sous les ordres de son p\u00e8re Camille de la Baume d\u2019Hostun, mar\u00e9chal de Tallard. Fran\u00e7ois de la Baume d\u2019Hostun meurt \u00e0 Strasbourg des suites de ses blessures.<br \/>\nCinq ans plus tard, le 9 D\u00e9cembre 1709, Louise Charlotte se remarie avec Renaud Constant marquis de Pons.<\/p>\n<p>le 5 f\u00e9vrier 1732, mort de Gilbert Gadagne d&rsquo;Hostun qui l\u00e8gue 20.000 Lt aux Oratoriens de Montbrison.<\/p>\n<p>\u00a0\u00bb Un arr\u00eat royal de 1742 redonne \u00e0 la comtesse de Pons le droit de perception d&rsquo;un p\u00e9age pour un bac qui traverse la Loire \u00e0 Bouth\u00e9on au lieudit le Port\u00a0\u00bb<\/p>\n<p>NOTA : ce bac et ce p\u00e9age sont d\u00e9j\u00e0 cit\u00e9s en 1561, ce qui prouve que la Loire passe \u00e0 cet endroit depuis plusieurs si\u00e8cles.<\/p>\n<p>Note : les armoiries des Gadagne sont \u00e9galement visibles sur le retable de l\u2019\u00e9glise de Veauche, sur le retable de l\u2019\u00e9glise de Saint Andr\u00e9 le Puits, \u00e0 l\u2019entr\u00e9e de l&rsquo;ancienne cure de Meys (69).<\/p>\n","protected":false},"excerpt":{"rendered":"<p>26 Janvier 1601, mort de Guillaume de Gadagne. Guillaume meurt le 26 Janvier 1601, une&hellip; <a href=\"https:\/\/www.boutheon.com\/?page_id=234\">Lire la suite<\/a><\/p>\n","protected":false},"author":2,"featured_media":0,"parent":48,"menu_order":0,"comment_status":"closed","ping_status":"closed","template":"","meta":{"footnotes":""},"_links":{"self":[{"href":"https:\/\/www.boutheon.com\/index.php?rest_route=\/wp\/v2\/pages\/234"}],"collection":[{"href":"https:\/\/www.boutheon.com\/index.php?rest_route=\/wp\/v2\/pages"}],"about":[{"href":"https:\/\/www.boutheon.com\/index.php?rest_route=\/wp\/v2\/types\/page"}],"author":[{"embeddable":true,"href":"https:\/\/www.boutheon.com\/index.php?rest_route=\/wp\/v2\/users\/2"}],"replies":[{"embeddable":true,"href":"https:\/\/www.boutheon.com\/index.php?rest_route=%2Fwp%2Fv2%2Fcomments&post=234"}],"version-history":[{"count":10,"href":"https:\/\/www.boutheon.com\/index.php?rest_route=\/wp\/v2\/pages\/234\/revisions"}],"predecessor-version":[{"id":2949,"href":"https:\/\/www.boutheon.com\/index.php?rest_route=\/wp\/v2\/pages\/234\/revisions\/2949"}],"up":[{"embeddable":true,"href":"https:\/\/www.boutheon.com\/index.php?rest_route=\/wp\/v2\/pages\/48"}],"wp:attachment":[{"href":"https:\/\/www.boutheon.com\/index.php?rest_route=%2Fwp%2Fv2%2Fmedia&parent=234"}],"curies":[{"name":"wp","href":"https:\/\/api.w.org\/{rel}","templated":true}]}}