{"id":27,"date":"2010-11-17T10:09:30","date_gmt":"2010-11-17T09:09:30","guid":{"rendered":"http:\/\/www.boutheon.com\/?page_id=27"},"modified":"2019-01-28T09:16:44","modified_gmt":"2019-01-28T08:16:44","slug":"les-seigneurs-de-boutheon","status":"publish","type":"page","link":"https:\/\/www.boutheon.com\/?page_id=27","title":{"rendered":"Les seigneurs de Bouth\u00e9on"},"content":{"rendered":"<h2>En 1140, premi\u00e8re famille seigneuriale Falcon de Bouth\u00e9on (Foulques de B\u00f4t\u00e9on)<\/h2>\n<p>En <strong>1183<\/strong>, l&rsquo;\u00e9glise de Bouth\u00e9on est mentionn\u00e9e parmi les possessions de l&rsquo;abbaye de l&rsquo;\u00eele Barbe (sur la Sa\u00f4ne \u00e0 l&rsquo;entr\u00e9e Nord de Lyon).<\/p>\n<p>En <strong>1225<\/strong>, le prieur de St Rambert sur Loire, qui d\u00e9pendait lui-m\u00eame de l&rsquo;Ile Barbe est collateur de la cure de Bouth\u00e9on.<\/p>\n<h3>De la famille des seigneurs de Bouth\u00e9on, sont issus de nombreux gens d&rsquo;\u00e9glise<strong><br \/>\n<\/strong><\/h3>\n<p>en <strong>1222<\/strong>, Pierre de Bouth\u00e9on moine b\u00e9n\u00e9dictin de la Chaise Dieu et prieur de St M\u00e9dard en Forez<\/p>\n<p>en <strong>1402<\/strong>, Falconnet de Bouth\u00e9on (1er du nom) prieur de St Romain le Puy<\/p>\n<p>Dans la seconde moiti\u00e9 du 15\u00e8me si\u00e8cle :<\/p>\n<p>Isabelle de Bouth\u00e9on prieure de St Thomas les Nonnains<br \/>\nCatherine de Bouth\u00e9on, s\u0153ur d&rsquo;Isabelle, prieure de Jourcey<br \/>\nJacques de Bouth\u00e9on, leur fr\u00e8re, prieur de St Romain le Puy<\/p>\n<p>En <strong>1512<\/strong>, Falconnet de Bouth\u00e9on (2\u00e8me du nom) prieur de Rozier et St Romain<\/p>\n<p>NOTE : Jourcey est un prieur\u00e9 de femmes qui d\u00e9pend de Fontevraud (Maine et Loire).<\/p>\n<p><strong>L&rsquo;\u00e9cusson des Bouth\u00e9on (repris par l&rsquo;Association des Amis du Vieux Bouth\u00e9on) <\/strong><\/p>\n<p><a rel=\"attachment wp-att-409\" href=\"https:\/\/www.boutheon.com\/?attachment_id=409\"><img loading=\"lazy\" decoding=\"async\" class=\"aligncenter size-full wp-image-409\" title=\"gboutheon01 - Copie\" src=\"https:\/\/www.boutheon.com\/wp-content\/uploads\/2010\/11\/gboutheon01-Copie.gif\" alt=\"\" width=\"156\" height=\"175\" \/><\/a><\/p>\n","protected":false},"excerpt":{"rendered":"<p>En 1140, premi\u00e8re famille seigneuriale Falcon de Bouth\u00e9on (Foulques de B\u00f4t\u00e9on) En 1183, l&rsquo;\u00e9glise de&hellip; <a href=\"https:\/\/www.boutheon.com\/?page_id=27\">Lire la suite<\/a><\/p>\n","protected":false},"author":2,"featured_media":0,"parent":193,"menu_order":0,"comment_status":"closed","ping_status":"closed","template":"","meta":{"footnotes":""},"_links":{"self":[{"href":"https:\/\/www.boutheon.com\/index.php?rest_route=\/wp\/v2\/pages\/27"}],"collection":[{"href":"https:\/\/www.boutheon.com\/index.php?rest_route=\/wp\/v2\/pages"}],"about":[{"href":"https:\/\/www.boutheon.com\/index.php?rest_route=\/wp\/v2\/types\/page"}],"author":[{"embeddable":true,"href":"https:\/\/www.boutheon.com\/index.php?rest_route=\/wp\/v2\/users\/2"}],"replies":[{"embeddable":true,"href":"https:\/\/www.boutheon.com\/index.php?rest_route=%2Fwp%2Fv2%2Fcomments&post=27"}],"version-history":[{"count":34,"href":"https:\/\/www.boutheon.com\/index.php?rest_route=\/wp\/v2\/pages\/27\/revisions"}],"predecessor-version":[{"id":411,"href":"https:\/\/www.boutheon.com\/index.php?rest_route=\/wp\/v2\/pages\/27\/revisions\/411"}],"up":[{"embeddable":true,"href":"https:\/\/www.boutheon.com\/index.php?rest_route=\/wp\/v2\/pages\/193"}],"wp:attachment":[{"href":"https:\/\/www.boutheon.com\/index.php?rest_route=%2Fwp%2Fv2%2Fmedia&parent=27"}],"curies":[{"name":"wp","href":"https:\/\/api.w.org\/{rel}","templated":true}]}}