{"id":291,"date":"2010-11-23T12:36:20","date_gmt":"2010-11-23T11:36:20","guid":{"rendered":"http:\/\/www.boutheon.com\/?page_id=291"},"modified":"2025-08-15T10:20:37","modified_gmt":"2025-08-15T09:20:37","slug":"la-fayette-et-les-moineaux-partie-ii","status":"publish","type":"page","link":"https:\/\/www.boutheon.com\/?page_id=291","title":{"rendered":"Le 15\u00e8me et le moineau"},"content":{"rendered":"<h3><span style=\"text-decoration: underline;\"><strong>Le 15\u00e8me et le\u00a0 moineau :<\/strong><\/span><\/h3>\n<h3>Pr\u00e9ambule sur les \u00ab moineaux \u00bb :<\/h3>\n<p>En 2004, les travaux en cours au ch\u00e2teau de Bouth\u00e9on ont r\u00e9v\u00e9l\u00e9 des constructions qui sont pr\u00e9sentes dans les douves depuis 1460.<br \/>\nLes douves de Bouth\u00e9on sont des douves s\u00e8ches tr\u00e8s larges (autour de 18 m\u00e8tres) et profondes de 5 m\u00e8tres.<br \/>\nCes douves sont qualifi\u00e9es \u00e0 fonds de cuve, le mur int\u00e9rieur c\u00f4t\u00e9 ch\u00e2teau s\u2019appelle l\u2019escarpe, le mur ext\u00e9rieur c\u00f4t\u00e9 jardin la contrescarpe.<br \/>\nAujourd&rsquo;hui, seules les douves c\u00f4t\u00e9 Sud sont visibles ainsi qu&rsquo;une partie c\u00f4t\u00e9 Est.<\/p>\n<h3>D\u00e9finition d\u2019un moineau :<\/h3>\n<p>Un moineau est une petite structure uniquement d\u00e9fensive implant\u00e9e dans les foss\u00e9s afin de prot\u00e9ger les bases des murailles contre le travail de sape des agresseurs (c\u2019est une d\u00e9fense rasante).<\/p>\n<h3>Le moineau de Bouth\u00e9on :<\/h3>\n<p>Il s\u2019agit d\u2019un moineau implant\u00e9 vers 1460 devant le portique d\u2019entr\u00e9e c\u00f4t\u00e9 matin (c\u00f4t\u00e9 Est) et restructur\u00e9 quelques d\u00e9cennies plus tard en 2 parties :<\/p>\n<p>l\u2019une mesure 2,40 m sur 3,10 m ; l\u2019autre 2,40 m sur 4 m.<br \/>\nCe moineau\u00a0 n\u2019est pas reli\u00e9 au ch\u00e2teau; \u00e0 l\u2019int\u00e9rieur, 8 canonni\u00e8res sont visibles.<br \/>\n<strong>Historique de construction suite \u00e0 l&rsquo;expertise de Nicolas Faucherre :<\/strong><\/p>\n<p>1\u00b0) au 15\u00e8me si\u00e8cle, 2 murs parall\u00e8les couverts en bois avec 8 canonni\u00e8res;<\/p>\n<p>pour le passage, de chaque c\u00f4t\u00e9, un pont mobile en bois.<\/p>\n<p>2\u00b0) quelques d\u00e9cennies apr\u00e8s (autour des ann\u00e9es 1500), le moineau est renforc\u00e9 avec 2 vo\u00fbtes perpendiculaires et 2 ponts dormants. On peut donc accueillir ses h\u00f4tes de fa\u00e7on royale, mais les moineaux sont toujours pr\u00e9sents pour dissuader l&rsquo;attaquant \u00e9ventuel.<\/p>\n<p>3\u00b0) quelques d\u00e9cennies apr\u00e8s (apr\u00e8s 1751), l&rsquo;ensemble des douves Nord et Est sont combl\u00e9s. Seule reste la douve Sud encore visible aujourd&rsquo;hui.<\/p>\n<p>Des sites Internet \u00e9voquent d\u2019autres moineaux au 15\u00e8me si\u00e8cle, mais Nicolas Faucherre nous a confirm\u00e9 qu&rsquo;il n&rsquo;y a pas en France d\u2019autres constructions ressemblant au moineau de Bouth\u00e9on.<\/p>\n<p>Plan de masse de Nicolas Faucherre et Serge Fran\u00e7ois et photo situant l&rsquo;entr\u00e9e du moineau aujourd&rsquo;hui.<\/p>\n<div id=\"attachment_461\" style=\"width: 242px\" class=\"wp-caption aligncenter\"><a href=\"https:\/\/www.boutheon.com\/?attachment_id=461\" rel=\"attachment wp-att-461\"><img loading=\"lazy\" decoding=\"async\" aria-describedby=\"caption-attachment-461\" class=\"size-medium wp-image-461\" title=\"faucherre-plan-moineaux-1\" src=\"https:\/\/www.boutheon.com\/wp-content\/uploads\/2010\/11\/faucherre-plan-moineaux-11-232x320.jpg\" alt=\"\" width=\"232\" height=\"320\" srcset=\"https:\/\/www.boutheon.com\/wp-content\/uploads\/2010\/11\/faucherre-plan-moineaux-11-232x320.jpg 232w, https:\/\/www.boutheon.com\/wp-content\/uploads\/2010\/11\/faucherre-plan-moineaux-11-152x210.jpg 152w, https:\/\/www.boutheon.com\/wp-content\/uploads\/2010\/11\/faucherre-plan-moineaux-11-456x628.jpg 456w, https:\/\/www.boutheon.com\/wp-content\/uploads\/2010\/11\/faucherre-plan-moineaux-11.jpg 1275w\" sizes=\"(max-width: 232px) 100vw, 232px\" \/><\/a><p id=\"caption-attachment-461\" class=\"wp-caption-text\">Nicolas Faucherre &#8211; 1er plan<\/p><\/div>\n<div id=\"attachment_462\" style=\"width: 330px\" class=\"wp-caption aligncenter\"><a href=\"https:\/\/www.boutheon.com\/?attachment_id=462\" rel=\"attachment wp-att-462\"><img loading=\"lazy\" decoding=\"async\" aria-describedby=\"caption-attachment-462\" class=\"size-medium wp-image-462\" title=\"faucherre-plan-moineaux-2\" src=\"https:\/\/www.boutheon.com\/wp-content\/uploads\/2010\/11\/faucherre-plan-moineaux-21-320x232.jpg\" alt=\"\" width=\"320\" height=\"232\" srcset=\"https:\/\/www.boutheon.com\/wp-content\/uploads\/2010\/11\/faucherre-plan-moineaux-21-320x232.jpg 320w, https:\/\/www.boutheon.com\/wp-content\/uploads\/2010\/11\/faucherre-plan-moineaux-21-210x152.jpg 210w, https:\/\/www.boutheon.com\/wp-content\/uploads\/2010\/11\/faucherre-plan-moineaux-21-628x456.jpg 628w, https:\/\/www.boutheon.com\/wp-content\/uploads\/2010\/11\/faucherre-plan-moineaux-21.jpg 1755w\" sizes=\"(max-width: 320px) 100vw, 320px\" \/><\/a><p id=\"caption-attachment-462\" class=\"wp-caption-text\">Nicolas Faucherre &#8211; 2\u00e8me plan<\/p><\/div>\n<div id=\"attachment_463\" style=\"width: 330px\" class=\"wp-caption aligncenter\"><a href=\"https:\/\/www.boutheon.com\/?attachment_id=463\" rel=\"attachment wp-att-463\"><img loading=\"lazy\" decoding=\"async\" aria-describedby=\"caption-attachment-463\" class=\"size-medium wp-image-463\" title=\"photos du moineau\" src=\"https:\/\/www.boutheon.com\/wp-content\/uploads\/2010\/11\/photos-du-moineau1-320x212.jpg\" alt=\"\" width=\"320\" height=\"212\" srcset=\"https:\/\/www.boutheon.com\/wp-content\/uploads\/2010\/11\/photos-du-moineau1-320x212.jpg 320w, https:\/\/www.boutheon.com\/wp-content\/uploads\/2010\/11\/photos-du-moineau1-210x139.jpg 210w, https:\/\/www.boutheon.com\/wp-content\/uploads\/2010\/11\/photos-du-moineau1-628x417.jpg 628w\" sizes=\"(max-width: 320px) 100vw, 320px\" \/><\/a><p id=\"caption-attachment-463\" class=\"wp-caption-text\">Photo actuelle du moineau<\/p><\/div>\n","protected":false},"excerpt":{"rendered":"<p>Le 15\u00e8me et le\u00a0 moineau : Pr\u00e9ambule sur les \u00ab moineaux \u00bb : En 2004,&hellip; <a href=\"https:\/\/www.boutheon.com\/?page_id=291\">Lire la suite<\/a><\/p>\n","protected":false},"author":2,"featured_media":0,"parent":44,"menu_order":0,"comment_status":"closed","ping_status":"closed","template":"","meta":{"footnotes":""},"_links":{"self":[{"href":"https:\/\/www.boutheon.com\/index.php?rest_route=\/wp\/v2\/pages\/291"}],"collection":[{"href":"https:\/\/www.boutheon.com\/index.php?rest_route=\/wp\/v2\/pages"}],"about":[{"href":"https:\/\/www.boutheon.com\/index.php?rest_route=\/wp\/v2\/types\/page"}],"author":[{"embeddable":true,"href":"https:\/\/www.boutheon.com\/index.php?rest_route=\/wp\/v2\/users\/2"}],"replies":[{"embeddable":true,"href":"https:\/\/www.boutheon.com\/index.php?rest_route=%2Fwp%2Fv2%2Fcomments&post=291"}],"version-history":[{"count":24,"href":"https:\/\/www.boutheon.com\/index.php?rest_route=\/wp\/v2\/pages\/291\/revisions"}],"predecessor-version":[{"id":3564,"href":"https:\/\/www.boutheon.com\/index.php?rest_route=\/wp\/v2\/pages\/291\/revisions\/3564"}],"up":[{"embeddable":true,"href":"https:\/\/www.boutheon.com\/index.php?rest_route=\/wp\/v2\/pages\/44"}],"wp:attachment":[{"href":"https:\/\/www.boutheon.com\/index.php?rest_route=%2Fwp%2Fv2%2Fmedia&parent=291"}],"curies":[{"name":"wp","href":"https:\/\/api.w.org\/{rel}","templated":true}]}}

Le 15ème et le moineau

<h3><span style="text-decoration: underline;"><strong>Le 15ème et le  moineau :</strong></span></h3>
<h3>Préambule sur les « moineaux » :</h3>
<p>En 2004, les travaux en cours au château de Bouthéon ont révélé des constructions qui sont présentes dans les douves depuis 1460.<br />
Les douves de Bouthéon sont des douves sèches très larges (autour de 18 mètres) et profondes de 5 mètres.<br />
Ces douves sont qualifiées à fonds de cuve, le mur intérieur côté château s’appelle l’escarpe, le mur extérieur côté jardin la contrescarpe.<br />
Aujourd&rsquo;hui, seules les douves côté Sud sont visibles ainsi qu&rsquo;une partie côté Est.</p>
<h3>Définition d’un moineau :</h3>
<p>Un moineau est une petite structure uniquement défensive implantée dans les fossés afin de protéger les bases des murailles contre le travail de sape des agresseurs (c’est une défense rasante).</p>
<h3>Le moineau de Bouthéon :</h3>
<p>Il s’agit d’un moineau implanté vers 1460 devant le portique d’entrée côté matin (côté Est) et restructuré quelques décennies plus tard en 2 parties :</p>
<p>l’une mesure 2,40 m sur 3,10 m ; l’autre 2,40 m sur 4 m.<br />
Ce moineau  n’est pas relié au château; à l’intérieur, 8 canonnières sont visibles.<br />
<strong>Historique de construction suite à l&rsquo;expertise de Nicolas Faucherre :</strong></p>
<p>1°) au 15ème siècle, 2 murs parallèles couverts en bois avec 8 canonnières;</p>
<p>pour le passage, de chaque côté, un pont mobile en bois.</p>
<p>2°) quelques décennies après (autour des années 1500), le moineau est renforcé avec 2 voûtes perpendiculaires et 2 ponts dormants. On peut donc accueillir ses hôtes de façon royale, mais les moineaux sont toujours présents pour dissuader l&rsquo;attaquant éventuel.</p>
<p>3°) quelques décennies après (après 1751), l&rsquo;ensemble des douves Nord et Est sont comblés. Seule reste la douve Sud encore visible aujourd&rsquo;hui.</p>
<p>Des sites Internet évoquent d’autres moineaux au 15ème siècle, mais Nicolas Faucherre nous a confirmé qu&rsquo;il n&rsquo;y a pas en France d’autres constructions ressemblant au moineau de Bouthéon.</p>
<p>Plan de masse de Nicolas Faucherre et Serge François et photo situant l&rsquo;entrée du moineau aujourd&rsquo;hui.</p>
<div id="attachment_461" style="width: 242px" class="wp-caption aligncenter"><a href="https://www.boutheon.com/?attachment_id=461" rel="attachment wp-att-461"><img loading="lazy" decoding="async" aria-describedby="caption-attachment-461" class="size-medium wp-image-461" title="faucherre-plan-moineaux-1" src="https://www.boutheon.com/wp-content/uploads/2010/11/faucherre-plan-moineaux-11-232x320.jpg" alt="" width="232" height="320" srcset="https://www.boutheon.com/wp-content/uploads/2010/11/faucherre-plan-moineaux-11-232x320.jpg 232w, https://www.boutheon.com/wp-content/uploads/2010/11/faucherre-plan-moineaux-11-152x210.jpg 152w, https://www.boutheon.com/wp-content/uploads/2010/11/faucherre-plan-moineaux-11-456x628.jpg 456w, https://www.boutheon.com/wp-content/uploads/2010/11/faucherre-plan-moineaux-11.jpg 1275w" sizes="(max-width: 232px) 100vw, 232px" /></a><p id="caption-attachment-461" class="wp-caption-text">Nicolas Faucherre &#8211; 1er plan</p></div>
<div id="attachment_462" style="width: 330px" class="wp-caption aligncenter"><a href="https://www.boutheon.com/?attachment_id=462" rel="attachment wp-att-462"><img loading="lazy" decoding="async" aria-describedby="caption-attachment-462" class="size-medium wp-image-462" title="faucherre-plan-moineaux-2" src="https://www.boutheon.com/wp-content/uploads/2010/11/faucherre-plan-moineaux-21-320x232.jpg" alt="" width="320" height="232" srcset="https://www.boutheon.com/wp-content/uploads/2010/11/faucherre-plan-moineaux-21-320x232.jpg 320w, https://www.boutheon.com/wp-content/uploads/2010/11/faucherre-plan-moineaux-21-210x152.jpg 210w, https://www.boutheon.com/wp-content/uploads/2010/11/faucherre-plan-moineaux-21-628x456.jpg 628w, https://www.boutheon.com/wp-content/uploads/2010/11/faucherre-plan-moineaux-21.jpg 1755w" sizes="(max-width: 320px) 100vw, 320px" /></a><p id="caption-attachment-462" class="wp-caption-text">Nicolas Faucherre &#8211; 2ème plan</p></div>
<div id="attachment_463" style="width: 330px" class="wp-caption aligncenter"><a href="https://www.boutheon.com/?attachment_id=463" rel="attachment wp-att-463"><img loading="lazy" decoding="async" aria-describedby="caption-attachment-463" class="size-medium wp-image-463" title="photos du moineau" src="https://www.boutheon.com/wp-content/uploads/2010/11/photos-du-moineau1-320x212.jpg" alt="" width="320" height="212" srcset="https://www.boutheon.com/wp-content/uploads/2010/11/photos-du-moineau1-320x212.jpg 320w, https://www.boutheon.com/wp-content/uploads/2010/11/photos-du-moineau1-210x139.jpg 210w, https://www.boutheon.com/wp-content/uploads/2010/11/photos-du-moineau1-628x417.jpg 628w" sizes="(max-width: 320px) 100vw, 320px" /></a><p id="caption-attachment-463" class="wp-caption-text">Photo actuelle du moineau</p></div>

<p>Le 15ème et le  moineau : Préambule sur les « moineaux » : En 2004,&hellip; <a href="https://www.boutheon.com/?page_id=291">Lire la suite</a></p>
