{"id":3211,"date":"2022-07-06T15:30:51","date_gmt":"2022-07-06T14:30:51","guid":{"rendered":"http:\/\/www.boutheon.com\/?page_id=3211"},"modified":"2022-08-21T05:33:56","modified_gmt":"2022-08-21T04:33:56","slug":"quizz-sentier-des-3-ports-1","status":"publish","type":"page","link":"https:\/\/www.boutheon.com\/?page_id=3211","title":{"rendered":"QUIZ sentier des 3 Ports #1"},"content":{"rendered":"\n<p><strong>Panneau 01<\/strong>&nbsp;: Le ch\u00e2teau de Bouth\u00e9on<\/p>\n\n\n\n<p>De\ngrandes familles ont v\u00e9cu dans ce ch\u00e2teau.<\/p>\n\n\n\n<p>Les noms\nde rues aux alentours rappellent leur existence. <\/p>\n\n\n\n<p>Ce ch\u00e2teau a \u00e9t\u00e9 appel\u00e9 \u00e0 l\u2019\u00e9poque Renaissance &nbsp;\u00ab&nbsp;le petit Versailles du Forez&nbsp;\u00bb<\/p>\n\n\n\n<p>Un grand mariage s\u2019est d\u00e9roul\u00e9 dans ce ch\u00e2teau entre le mar\u00e9chal de la Fayette et Jeanne de Joyeuse.<\/p>\n\n\n\n<p><strong>En quelle ann\u00e9e ce mariage&nbsp;a-t-il\neu lieu ?<\/strong><\/p>\n\n\n\n<p>Choix 1&nbsp;: 1424<\/p>\n\n\n\n<p>Choix\n2&nbsp;: 1781<\/p>\n\n\n\n<p>R\u00e9ponse&nbsp;:<\/p>\n\n\n\n<p>Choix 1\u00a0: En 1424, le mar\u00e9chal de la Fayette, contemporain de Jeanne d\u2019Arc,  \u00e9tait conseiller de Charles VII et du duc de Bourbon. On le retrouve sur les champs de bataille et c\u2019est certainement lui qui a mis en place les <strong>moineaux*<\/strong> du ch\u00e2teau de Bouth\u00e9on (\u00e0 ce jour, un seul est visible, enterr\u00e9 devant l\u2019entr\u00e9e du portail monumental).<\/p>\n\n\n\n<p>1781, c\u2018\u00e9tait la grande \u00e9poque du marquis de la Fayette qui s\u2019est distingu\u00e9 \u00e0 la bataille de Yorktown (guerre d\u2019ind\u00e9pendance des Etats Unis). Le marquis est beaucoup plus connu que le mar\u00e9chal qui \u00e9tait un lointain cousin.<\/p>\n\n\n\n<p><strong>Le saviez vous ?\u00a0<\/strong><\/p>\n\n\n\n<p><strong>\u00ab\u00a0Moineau\u00a0\u00bb\u00a0<\/strong>est\u00a0un terme d\u2019architecture militaire pour d\u00e9finir une casemate dans les foss\u00e9s secs qui prot\u00e9geait la base des tours au 15<sup>\u00e8me<\/sup> si\u00e8cle.<\/p>\n","protected":false},"excerpt":{"rendered":"<p>Panneau 01&nbsp;: Le ch\u00e2teau de Bouth\u00e9on De grandes familles ont v\u00e9cu dans ce ch\u00e2teau. Les&hellip; <a href=\"https:\/\/www.boutheon.com\/?page_id=3211\">Lire la suite<\/a><\/p>\n","protected":false},"author":3,"featured_media":0,"parent":0,"menu_order":0,"comment_status":"closed","ping_status":"closed","template":"","meta":{"footnotes":""},"_links":{"self":[{"href":"https:\/\/www.boutheon.com\/index.php?rest_route=\/wp\/v2\/pages\/3211"}],"collection":[{"href":"https:\/\/www.boutheon.com\/index.php?rest_route=\/wp\/v2\/pages"}],"about":[{"href":"https:\/\/www.boutheon.com\/index.php?rest_route=\/wp\/v2\/types\/page"}],"author":[{"embeddable":true,"href":"https:\/\/www.boutheon.com\/index.php?rest_route=\/wp\/v2\/users\/3"}],"replies":[{"embeddable":true,"href":"https:\/\/www.boutheon.com\/index.php?rest_route=%2Fwp%2Fv2%2Fcomments&post=3211"}],"version-history":[{"count":7,"href":"https:\/\/www.boutheon.com\/index.php?rest_route=\/wp\/v2\/pages\/3211\/revisions"}],"predecessor-version":[{"id":3370,"href":"https:\/\/www.boutheon.com\/index.php?rest_route=\/wp\/v2\/pages\/3211\/revisions\/3370"}],"wp:attachment":[{"href":"https:\/\/www.boutheon.com\/index.php?rest_route=%2Fwp%2Fv2%2Fmedia&parent=3211"}],"curies":[{"name":"wp","href":"https:\/\/api.w.org\/{rel}","templated":true}]}}