{"id":3229,"date":"2022-07-06T15:37:40","date_gmt":"2022-07-06T14:37:40","guid":{"rendered":"http:\/\/www.boutheon.com\/?page_id=3229"},"modified":"2022-08-21T05:41:12","modified_gmt":"2022-08-21T04:41:12","slug":"quizz-sentier-des-3-ports-9","status":"publish","type":"page","link":"https:\/\/www.boutheon.com\/?page_id=3229","title":{"rendered":"QUIZ sentier des 3 Ports #9"},"content":{"rendered":"\n<p><strong>Panneau 09<\/strong>&nbsp;: la premi\u00e8re gare d\u2019Andr\u00e9zieux<\/p>\n\n\n\n<p>La premi\u00e8re gare voyageurs d\u2019Andr\u00e9zieux, construite vers 1847 est \u00e0 environ 100m d\u2019ici.  C\u2019est aujourd\u2019hui une simple maison d\u2019habitation. <\/p>\n\n\n\n<p>Sur le parcours, vous pouvez voir des wagonnets.<br><\/p>\n\n\n\n<p><strong>Ces wagonnets sont-ils ceux qui circulaient sur la&nbsp;1\u00e8re&nbsp;ligne&nbsp;de&nbsp;chemin&nbsp;de&nbsp;fer&nbsp;construite&nbsp;en&nbsp;1827&nbsp;<\/strong><\/p>\n\n\n\n<p><strong>pour amener le charbon de Saint-Etienne\n\u00e0 la Loire&nbsp;?<\/strong><\/p>\n\n\n\n<p>R\u00e9ponse&nbsp;: NON<\/p>\n\n\n\n<p>Ce sont des wagonnets utilis\u00e9s dans les mines.<\/p>\n\n\n\n<p>Les wagons de la 1\u00e8re ligne de chemin de fer du continent sont reconstitu\u00e9s dans le docu-fiction ainsi qu&rsquo;au niveau d&rsquo;une des maquettes expos\u00e9es dans la v\u00e9randa de<strong> l&rsquo;Aventure du Train<\/strong> \u00e0 c\u00f4t\u00e9 de l&rsquo;actuelle gare d&rsquo;Andr\u00e9zieux.<\/p>\n","protected":false},"excerpt":{"rendered":"<p>Panneau 09&nbsp;: la premi\u00e8re gare d\u2019Andr\u00e9zieux La premi\u00e8re gare voyageurs d\u2019Andr\u00e9zieux, construite vers 1847 est&hellip; <a href=\"https:\/\/www.boutheon.com\/?page_id=3229\">Lire la suite<\/a><\/p>\n","protected":false},"author":3,"featured_media":0,"parent":3211,"menu_order":0,"comment_status":"closed","ping_status":"closed","template":"","meta":{"footnotes":""},"_links":{"self":[{"href":"https:\/\/www.boutheon.com\/index.php?rest_route=\/wp\/v2\/pages\/3229"}],"collection":[{"href":"https:\/\/www.boutheon.com\/index.php?rest_route=\/wp\/v2\/pages"}],"about":[{"href":"https:\/\/www.boutheon.com\/index.php?rest_route=\/wp\/v2\/types\/page"}],"author":[{"embeddable":true,"href":"https:\/\/www.boutheon.com\/index.php?rest_route=\/wp\/v2\/users\/3"}],"replies":[{"embeddable":true,"href":"https:\/\/www.boutheon.com\/index.php?rest_route=%2Fwp%2Fv2%2Fcomments&post=3229"}],"version-history":[{"count":5,"href":"https:\/\/www.boutheon.com\/index.php?rest_route=\/wp\/v2\/pages\/3229\/revisions"}],"predecessor-version":[{"id":3378,"href":"https:\/\/www.boutheon.com\/index.php?rest_route=\/wp\/v2\/pages\/3229\/revisions\/3378"}],"up":[{"embeddable":true,"href":"https:\/\/www.boutheon.com\/index.php?rest_route=\/wp\/v2\/pages\/3211"}],"wp:attachment":[{"href":"https:\/\/www.boutheon.com\/index.php?rest_route=%2Fwp%2Fv2%2Fmedia&parent=3229"}],"curies":[{"name":"wp","href":"https:\/\/api.w.org\/{rel}","templated":true}]}}