{"id":3233,"date":"2022-07-06T15:39:15","date_gmt":"2022-07-06T14:39:15","guid":{"rendered":"http:\/\/www.boutheon.com\/?page_id=3233"},"modified":"2022-08-21T05:44:01","modified_gmt":"2022-08-21T04:44:01","slug":"quizz-sentier-des-3-ports-11","status":"publish","type":"page","link":"https:\/\/www.boutheon.com\/?page_id=3233","title":{"rendered":"QUIZ sentier des 3 Ports #11"},"content":{"rendered":"\n<p><strong>Panneau 11<\/strong>&nbsp;: pont des magasins<\/p>\n\n\n\n<p>Ce pont des magasins \u00e9tait initialement en bois et a support\u00e9, \u00e0 partir de 1827, la premi\u00e8re ligne de chemin de fer et ses convois tir\u00e9s par des chevaux puis des locomotives.<\/p>\n\n\n\n<p>De quelle ann\u00e9e date ce pont m\u00e9tallique&nbsp;?<\/p>\n\n\n\n<p>Choix 1&nbsp;: 1827<\/p>\n\n\n\n<p>Choix 2&nbsp;: 1931<\/p>\n\n\n\n<p>R\u00e9ponse&nbsp;: 1931 pour la pose du pont m\u00e9tallique,&nbsp;<\/p>\n\n\n\n<p>En 1827, il existait d\u00e9j\u00e0 un pont \u00e0 cet emplacement, mais il \u00e9tait en bois.<\/p>\n","protected":false},"excerpt":{"rendered":"<p>Panneau 11&nbsp;: pont des magasins Ce pont des magasins \u00e9tait initialement en bois et a&hellip; <a href=\"https:\/\/www.boutheon.com\/?page_id=3233\">Lire la suite<\/a><\/p>\n","protected":false},"author":3,"featured_media":0,"parent":3211,"menu_order":0,"comment_status":"closed","ping_status":"closed","template":"","meta":{"footnotes":""},"_links":{"self":[{"href":"https:\/\/www.boutheon.com\/index.php?rest_route=\/wp\/v2\/pages\/3233"}],"collection":[{"href":"https:\/\/www.boutheon.com\/index.php?rest_route=\/wp\/v2\/pages"}],"about":[{"href":"https:\/\/www.boutheon.com\/index.php?rest_route=\/wp\/v2\/types\/page"}],"author":[{"embeddable":true,"href":"https:\/\/www.boutheon.com\/index.php?rest_route=\/wp\/v2\/users\/3"}],"replies":[{"embeddable":true,"href":"https:\/\/www.boutheon.com\/index.php?rest_route=%2Fwp%2Fv2%2Fcomments&post=3233"}],"version-history":[{"count":5,"href":"https:\/\/www.boutheon.com\/index.php?rest_route=\/wp\/v2\/pages\/3233\/revisions"}],"predecessor-version":[{"id":3381,"href":"https:\/\/www.boutheon.com\/index.php?rest_route=\/wp\/v2\/pages\/3233\/revisions\/3381"}],"up":[{"embeddable":true,"href":"https:\/\/www.boutheon.com\/index.php?rest_route=\/wp\/v2\/pages\/3211"}],"wp:attachment":[{"href":"https:\/\/www.boutheon.com\/index.php?rest_route=%2Fwp%2Fv2%2Fmedia&parent=3233"}],"curies":[{"name":"wp","href":"https:\/\/api.w.org\/{rel}","templated":true}]}}