{"id":441,"date":"2011-01-03T18:18:04","date_gmt":"2011-01-03T17:18:04","guid":{"rendered":"http:\/\/www.boutheon.com\/?page_id=441"},"modified":"2019-01-28T09:18:53","modified_gmt":"2019-01-28T08:18:53","slug":"photos-de-leglise","status":"publish","type":"page","link":"https:\/\/www.boutheon.com\/?page_id=441","title":{"rendered":"Photos de l&rsquo;\u00e9glise"},"content":{"rendered":"<p>photo actuelle du b\u00e9nitier de 1582<\/p>\n<p><a rel=\"attachment wp-att-481\" href=\"https:\/\/www.boutheon.com\/?attachment_id=481\"><img loading=\"lazy\" decoding=\"async\" class=\"aligncenter size-medium wp-image-481\" title=\"b\u00e9nitier-r\u00e9duit\" src=\"https:\/\/www.boutheon.com\/wp-content\/uploads\/2011\/01\/b\u00e9nitier-r\u00e9duit-320x239.jpg\" alt=\"\" width=\"320\" height=\"239\" srcset=\"https:\/\/www.boutheon.com\/wp-content\/uploads\/2011\/01\/b\u00e9nitier-r\u00e9duit-320x239.jpg 320w, https:\/\/www.boutheon.com\/wp-content\/uploads\/2011\/01\/b\u00e9nitier-r\u00e9duit-210x157.jpg 210w, https:\/\/www.boutheon.com\/wp-content\/uploads\/2011\/01\/b\u00e9nitier-r\u00e9duit.jpg 434w\" sizes=\"(max-width: 320px) 100vw, 320px\" \/><\/a><\/p>\n<p>Dans le ch\u0153ur, les vitraux de Saint Jean le Baptiste, J\u00e9sus avec l&rsquo;Alpha et l&rsquo;Om\u00e9ga, Saint Pierre; vitraux sign\u00e9s Mauvernay en 1881<\/p>\n<p><a rel=\"attachment wp-att-483\" href=\"https:\/\/www.boutheon.com\/?attachment_id=483\"><img loading=\"lazy\" decoding=\"async\" class=\"aligncenter size-medium wp-image-483\" title=\"vitraux du choeur\" src=\"https:\/\/www.boutheon.com\/wp-content\/uploads\/2011\/01\/vitraux-du-choeur-320x212.jpg\" alt=\"\" width=\"320\" height=\"212\" srcset=\"https:\/\/www.boutheon.com\/wp-content\/uploads\/2011\/01\/vitraux-du-choeur-320x212.jpg 320w, https:\/\/www.boutheon.com\/wp-content\/uploads\/2011\/01\/vitraux-du-choeur-210x139.jpg 210w, https:\/\/www.boutheon.com\/wp-content\/uploads\/2011\/01\/vitraux-du-choeur-628x417.jpg 628w\" sizes=\"(max-width: 320px) 100vw, 320px\" \/><\/a><\/p>\n","protected":false},"excerpt":{"rendered":"<p>photo actuelle du b\u00e9nitier de 1582 Dans le ch\u0153ur, les vitraux de Saint Jean le&hellip; <a href=\"https:\/\/www.boutheon.com\/?page_id=441\">Lire la suite<\/a><\/p>\n","protected":false},"author":2,"featured_media":0,"parent":129,"menu_order":0,"comment_status":"closed","ping_status":"closed","template":"","meta":{"footnotes":""},"_links":{"self":[{"href":"https:\/\/www.boutheon.com\/index.php?rest_route=\/wp\/v2\/pages\/441"}],"collection":[{"href":"https:\/\/www.boutheon.com\/index.php?rest_route=\/wp\/v2\/pages"}],"about":[{"href":"https:\/\/www.boutheon.com\/index.php?rest_route=\/wp\/v2\/types\/page"}],"author":[{"embeddable":true,"href":"https:\/\/www.boutheon.com\/index.php?rest_route=\/wp\/v2\/users\/2"}],"replies":[{"embeddable":true,"href":"https:\/\/www.boutheon.com\/index.php?rest_route=%2Fwp%2Fv2%2Fcomments&post=441"}],"version-history":[{"count":3,"href":"https:\/\/www.boutheon.com\/index.php?rest_route=\/wp\/v2\/pages\/441\/revisions"}],"predecessor-version":[{"id":485,"href":"https:\/\/www.boutheon.com\/index.php?rest_route=\/wp\/v2\/pages\/441\/revisions\/485"}],"up":[{"embeddable":true,"href":"https:\/\/www.boutheon.com\/index.php?rest_route=\/wp\/v2\/pages\/129"}],"wp:attachment":[{"href":"https:\/\/www.boutheon.com\/index.php?rest_route=%2Fwp%2Fv2%2Fmedia&parent=441"}],"curies":[{"name":"wp","href":"https:\/\/api.w.org\/{rel}","templated":true}]}}